{"id":788,"date":"2023-06-12T12:20:54","date_gmt":"2023-06-12T12:20:54","guid":{"rendered":"http:\/\/hdrmedia2.kylos.pl\/concordia\/?page_id=788"},"modified":"2023-06-12T12:26:50","modified_gmt":"2023-06-12T12:26:50","slug":"rodo","status":"publish","type":"page","link":"https:\/\/concordiataste.pl\/wroclaw\/rodo\/","title":{"rendered":"RODO"},"content":{"rendered":"\t\t<div data-elementor-type=\"wp-page\" data-elementor-id=\"788\" class=\"elementor elementor-788\" data-elementor-post-type=\"page\">\n\t\t\t\t<div class=\"elementor-element elementor-element-fcc745c e-flex e-con-boxed e-con e-parent\" data-id=\"fcc745c\" data-element_type=\"container\">\n\t\t\t\t\t<div class=\"e-con-inner\">\n\t\t\t\t<div class=\"elementor-element elementor-element-bf97801 elementor-widget elementor-widget-heading\" data-id=\"bf97801\" data-element_type=\"widget\" data-widget_type=\"heading.default\">\n\t\t\t\t<div class=\"elementor-widget-container\">\n\t\t\t\t\t<h2 class=\"elementor-heading-title elementor-size-default\">RODO<\/h2>\t\t\t\t<\/div>\n\t\t\t\t<\/div>\n\t\t\t\t<div class=\"elementor-element elementor-element-912e7df elementor-widget__width-initial elementor-widget elementor-widget-text-editor\" data-id=\"912e7df\" data-element_type=\"widget\" data-widget_type=\"text-editor.default\">\n\t\t\t\t<div class=\"elementor-widget-container\">\n\t\t\t\t\t\t\t\t\tKLAUZULA INFORMACYJNA\t\t\t\t\t\t\t\t<\/div>\n\t\t\t\t<\/div>\n\t\t\t\t<div class=\"elementor-element elementor-element-8d69e67 elementor-widget__width-initial elementor-widget elementor-widget-text-editor\" data-id=\"8d69e67\" data-element_type=\"widget\" data-widget_type=\"text-editor.default\">\n\t\t\t\t<div class=\"elementor-widget-container\">\n\t\t\t\t\t\t\t\t\t<p><span style=\"font-weight: 400;\">dot. przetwarzania danych osobowych przez\u00a0 RESTAURACJA CONCORDIA Sp. z o.o. z siedzib\u0105 przy ul. Zwierzynieckiej 3, 60-813 Pozna\u0144.<\/span><\/p><p><span style=\"font-weight: 400;\">\u00a0<\/span><\/p><p><span style=\"font-weight: 400;\">Zgodnie z art. 13 rozporz\u0105dzenia Parlamentu Europejskiego i Rady (UE) 2016\/679 z dnia\u00a0 27 kwietnia 2016 roku w sprawie ochrony os\u00f3b fizycznych w zwi\u0105zku z przetwarzaniem danych osobowych<\/span><span style=\"font-weight: 400;\"><br \/><\/span><span style=\"font-weight: 400;\">i w sprawie swobodnego przep\u0142ywu takich danych oraz uchylenia dyrektywy 95\/46\/WE, zwanego RODO informujemy, \u017ce:<\/span><\/p><p><span style=\"font-weight: 400;\">\u00a0<\/span><\/p><ol><li style=\"font-weight: 400;\" aria-level=\"1\"><span style=\"font-weight: 400;\">Administratorem Pa\u0144stwa danych osobowych jest RESTAURACJA CONCORDIA Sp. z o.o.\u00a0 z siedzib\u0105 przy ul. Zwierzynieckiej 3, 60-813 Pozna\u0144. Kontakt: Zwierzyniecka 3, 60-813 Pozna\u0144; e-mail: restauracja@concordiataste.pl\u00a0 lub telefonicznie: +48 609 002 964.<\/span><\/li><li style=\"font-weight: 400;\" aria-level=\"1\"><span style=\"font-weight: 400;\">Kontakt z inspektorem ochrony danych mo\u017cliwy jest pod adresem do korespondencji: RESTAURACJA CONCORDIA Sp. z o.o.\u00a0 z siedzib\u0105 przy ul. Zwierzynieckiej 3, 60-813 Pozna\u0144 lub adresem e-mail: iod@concordiataste.pl.\u00a0\u00a0<\/span><\/li><li style=\"font-weight: 400;\" aria-level=\"1\"><span style=\"font-weight: 400;\">Pa\u0144stwa dane osobowe przetwarzane s\u0105 na podstawie RODO, a w szczeg\u00f3lno\u015bci:<\/span><\/li><li style=\"font-weight: 400;\" aria-level=\"1\"><span style=\"font-weight: 400;\">6 ust. 1 lit. a RODO \u2013 osoba, kt\u00f3rej dane dotycz\u0105 wyrazi\u0142a dobrowoln\u0105 zgod\u0119 na przetwarzanie swoich danych osobowych w jednym lub wi\u0119kszej liczbie okre\u015blonych cel\u00f3w;<\/span><\/li><li style=\"font-weight: 400;\" aria-level=\"1\"><span style=\"font-weight: 400;\">6 ust. 1 lit. b RODO \u2013 przetwarzanie jest niezb\u0119dne do wykonania umowy, kt\u00f3rej stron\u0105 jest osoba, kt\u00f3rej dane dotycz\u0105, lub do podj\u0119cia dzia\u0142a\u0144 na \u017c\u0105danie osoby, kt\u00f3rej dane dotycz\u0105, przed zawarciem umowy;<\/span><\/li><li style=\"font-weight: 400;\" aria-level=\"1\"><span style=\"font-weight: 400;\">6 ust. 1 lit. c RODO \u2013 przetwarzanie jest niezb\u0119dne do wype\u0142nienia obowi\u0105zku prawnego ci\u0105\u017c\u0105cego na administratorze;<\/span><\/li><li style=\"font-weight: 400;\" aria-level=\"1\"><span style=\"font-weight: 400;\">6 ust. 1 lit. d RODO \u2013 przetwarzanie jest niezb\u0119dne do ochrony \u017cywotnych interes\u00f3w osoby, kt\u00f3rej dane dotycz\u0105, lub innej osoby fizycznej;<\/span><\/li><li style=\"font-weight: 400;\" aria-level=\"1\"><span style=\"font-weight: 400;\">6 ust. 1 lit. f RODO \u2013 przetwarzanie jest niezb\u0119dne do cel\u00f3w wynikaj\u0105cych z prawnie uzasadnionych interes\u00f3w realizowanych przez administratora lub przez stron\u0119 trzeci\u0105.<\/span><\/li><li style=\"font-weight: 400;\" aria-level=\"1\"><span style=\"font-weight: 400;\">Je\u017celi udzielili\u015bcie Pa\u0144stwo stosownych zg\u00f3d dotycz\u0105cych dzia\u0142a\u0144 marketingowych<\/span><span style=\"font-weight: 400;\"><br \/><\/span><span style=\"font-weight: 400;\">i sprzeda\u017cowych okre\u015blonymi kana\u0142ami komunikacji, to Pa\u0144stwa dane osobowe b\u0119dziemy przetwarza\u0107 w celu prowadzenia marketingu bezpo\u015bredniego naszych produkt\u00f3w i us\u0142ug. Realizuj\u0105c powy\u017cszy cel podstaw\u0105 przetwarzania Pa\u0144stwa danych osobowych b\u0119dzie art. 6 ust. 1 lit. f RODO czyli prawnie uzasadniony interes polegaj\u0105cy na prowadzeniu dzia\u0142a\u0144 marketingowych i sprzeda\u017cowych w zwi\u0105zku z wyra\u017conymi przez Pa\u0144stwa zgodami dotycz\u0105cymi otrzymywania tre\u015bci marketingowych okre\u015blonymi kana\u0142ami komunikacji. Je\u017celi wyrazili\u015bcie Pa\u0144stwo zgod\u0119<\/span><span style=\"font-weight: 400;\"><br \/><\/span><span style=\"font-weight: 400;\">na wykorzystywanie danych osobowych do realizacji dzia\u0142a\u0144 marketingowych to Pa\u0144stwa dane przetwarzane b\u0119d\u0105 na podstawie art. 6 ust. 1 lit. a RODO.<\/span><\/li><li style=\"font-weight: 400;\" aria-level=\"1\"><span style=\"font-weight: 400;\">Podanie przez Pa\u0144stwa danych osobowych jest dobrowolne, jednak konieczne do realizacji cel\u00f3w,<\/span><span style=\"font-weight: 400;\"><br \/><\/span><span style=\"font-weight: 400;\">do kt\u00f3rych zosta\u0142y zebrane. Niepodanie tych danych mo\u017ce skutkowa\u0107 niemo\u017cno\u015bci\u0105 realizacji tych cel\u00f3w.<\/span><\/li><li style=\"font-weight: 400;\" aria-level=\"1\"><span style=\"font-weight: 400;\">Nieod\u0142\u0105cznym elementem realizowania wy\u017cej wskazanych cel\u00f3w jest utrzymanie kontaktu<\/span><span style=\"font-weight: 400;\"><br \/><\/span><span style=\"font-weight: 400;\">z Pa\u0144stwem za pomoc\u0105 r\u00f3\u017cnych kana\u0142\u00f3w komunikacji, tj. poczta tradycyjna, poczta elektroniczna, telefon kontaktowy.<\/span><\/li><li style=\"font-weight: 400;\" aria-level=\"1\"><span style=\"font-weight: 400;\">Pa\u0144stwa dane osobowe mog\u0105 by\u0107 udost\u0119pniane odpowiednim odbiorcom, w szczeg\u00f3lno\u015bci instytucjom uprawnionym do kontroli dzia\u0142alno\u015bci administratora lub podmiotom uprawnionym do uzyskania danych osobowych na podstawie odr\u0119bnych przepis\u00f3w prawa.<\/span><\/li><li style=\"font-weight: 400;\" aria-level=\"1\"><span style=\"font-weight: 400;\">Odbiorcami Pa\u0144stwa danych osobowych b\u0119d\u0105 tak\u017ce m.in. dostawcy us\u0142ug zaopatruj\u0105cych Administratora w rozwi\u0105zania techniczne oraz zarz\u0105dzanie organizacj\u0105, podmioty \u015bwiadcz\u0105cy us\u0142ugi prawne i doradcze oraz podmioty udzielaj\u0105ce pomocy Administratorowi w dochodzeniu nale\u017cnych roszcze\u0144.<\/span><\/li><li style=\"font-weight: 400;\" aria-level=\"1\"><span style=\"font-weight: 400;\">Posiadaj\u0105 Pa\u0144stwo prawo do:<\/span><\/li><li style=\"font-weight: 400;\" aria-level=\"1\"><span style=\"font-weight: 400;\">sprostowania swoich nieprawid\u0142owych danych;<\/span><\/li><li style=\"font-weight: 400;\" aria-level=\"1\"><span style=\"font-weight: 400;\">\u017c\u0105dania usuni\u0119cia danych (prawo do bycia zapomnianym) w przypadku wyst\u0105pienia okoliczno\u015bci przewidzianych w art. 17 RODO;<\/span><\/li><li style=\"font-weight: 400;\" aria-level=\"1\"><span style=\"font-weight: 400;\">\u017c\u0105dania ograniczenia przetwarzania danych w przypadkach wskazanych w art. 18 RODO;<\/span><\/li><li style=\"font-weight: 400;\" aria-level=\"1\"><span style=\"font-weight: 400;\">wniesienia sprzeciwu wobec przetwarzania danych w przypadkach wskazanych w art. 21 RODO.<\/span><\/li><li style=\"font-weight: 400;\" aria-level=\"1\"><span style=\"font-weight: 400;\">W odniesieniu do Pa\u0144stwa danych osobowych decyzje nie b\u0119d\u0105 podejmowane w spos\u00f3b zautomatyzowany, stosownie do art. 22 RODO.<\/span><\/li><li style=\"font-weight: 400;\" aria-level=\"1\"><span style=\"font-weight: 400;\">Dane osobowe nale\u017c\u0105ce do Pa\u0144stwa nie podlegaj\u0105 profilowaniu ani nie b\u0119d\u0105 przekazywane<\/span><span style=\"font-weight: 400;\"><br \/><\/span><span style=\"font-weight: 400;\">do pa\u0144stw znajduj\u0105cych si\u0119 poza Europejskim Obszarem Gospodarczym.<\/span><\/li><li style=\"font-weight: 400;\" aria-level=\"1\"><span style=\"font-weight: 400;\">Pa\u0144stwa dane osobowe b\u0119d\u0105 przetwarzane i przechowywane przez okres 2 lat od momentu udzielenia zgody na ich przetwarzanie w zwi\u0105zku ze z\u0142o\u017conym przez Pa\u0144stwa zapytaniem<\/span><span style=\"font-weight: 400;\"><br \/><\/span><span style=\"font-weight: 400;\">na temat oferowanych us\u0142ug. W przypadku zawarcia umowy Pa\u0144stwa dane b\u0119d\u0105 przetwarzane przez ca\u0142y okres realizacji umowy oraz czas niezb\u0119dny do jej rozliczenia. Okres ten wynosi 5 lat. Przepisy powszechnie obowi\u0105zuj\u0105cego prawa mog\u0105 wyd\u0142u\u017cy\u0107 ten okres. Po up\u0142ywie wy\u017cej wymienionego okresu dane osobowe podlegaj\u0105 usuni\u0119ciu lub anonimizacji.<\/span><\/li><li style=\"font-weight: 400;\" aria-level=\"1\"><span style=\"font-weight: 400;\">Pa\u0144stwa dane przetwarzane w zwi\u0105zku z realizacj\u0105 cel\u00f3w marketingowych na podstawie udzielonej przez Pa\u0144stwa zgody b\u0119d\u0105 przechowywane przez okres 5 lat lub do czasu zg\u0142oszenia sprzeciwu wzgl\u0119dem tego celu przetwarzania, do czasu cofni\u0119cia wyra\u017cenia zgody lub<\/span><span style=\"font-weight: 400;\"><br \/><\/span><span style=\"font-weight: 400;\">do momentu z\u0142o\u017cenia \u017c\u0105dania usuni\u0119cia danych.<\/span><\/li><li style=\"font-weight: 400;\" aria-level=\"1\"><span style=\"font-weight: 400;\">Je\u017celi Pa\u0144stwo uwa\u017caj\u0105, \u017ce podane dane osobowe s\u0105 przetwarzane niezgodnie z prawem, mo\u017cecie Pa\u0144stwo skorzysta\u0107 z prawa z\u0142o\u017cenia skargi do organu nadzorczego (Urz\u0105d Ochrony Danych Osobowych, ul. Stawki 2, 00-193 Warszawa).<\/span><\/li><\/ol>\t\t\t\t\t\t\t\t<\/div>\n\t\t\t\t<\/div>\n\t\t\t\t\t<\/div>\n\t\t\t\t<\/div>\n\t\t\t\t<\/div>\n\t\t","protected":false},"excerpt":{"rendered":"<p>RODO KLAUZULA INFORMACYJNA dot. przetwarzania danych osobowych przez\u00a0 RESTAURACJA CONCORDIA Sp. z o.o. z siedzib\u0105 przy ul. Zwierzynieckiej 3, 60-813 Pozna\u0144. \u00a0 Zgodnie z art. 13 rozporz\u0105dzenia Parlamentu Europejskiego i Rady (UE) 2016\/679 z dnia\u00a0 27 kwietnia 2016 roku w sprawie ochrony os\u00f3b fizycznych w zwi\u0105zku z przetwarzaniem danych osobowychi w sprawie swobodnego przep\u0142ywu takich [&hellip;]<\/p>\n","protected":false},"author":1,"featured_media":0,"parent":0,"menu_order":0,"comment_status":"closed","ping_status":"closed","template":"","meta":{"_acf_changed":false,"footnotes":""},"class_list":["post-788","page","type-page","status-publish","hentry"],"acf":[],"_links":{"self":[{"href":"https:\/\/concordiataste.pl\/wroclaw\/wp-json\/wp\/v2\/pages\/788","targetHints":{"allow":["GET"]}}],"collection":[{"href":"https:\/\/concordiataste.pl\/wroclaw\/wp-json\/wp\/v2\/pages"}],"about":[{"href":"https:\/\/concordiataste.pl\/wroclaw\/wp-json\/wp\/v2\/types\/page"}],"author":[{"embeddable":true,"href":"https:\/\/concordiataste.pl\/wroclaw\/wp-json\/wp\/v2\/users\/1"}],"replies":[{"embeddable":true,"href":"https:\/\/concordiataste.pl\/wroclaw\/wp-json\/wp\/v2\/comments?post=788"}],"version-history":[{"count":0,"href":"https:\/\/concordiataste.pl\/wroclaw\/wp-json\/wp\/v2\/pages\/788\/revisions"}],"wp:attachment":[{"href":"https:\/\/concordiataste.pl\/wroclaw\/wp-json\/wp\/v2\/media?parent=788"}],"curies":[{"name":"wp","href":"https:\/\/api.w.org\/{rel}","templated":true}]}}

<div data-elementor-type="wp-page" data-elementor-id="788" class="elementor elementor-788" data-elementor-post-type="page">
				<div class="elementor-element elementor-element-fcc745c e-flex e-con-boxed e-con e-parent" data-id="fcc745c" data-element_type="container">
					<div class="e-con-inner">
				<div class="elementor-element elementor-element-bf97801 elementor-widget elementor-widget-heading" data-id="bf97801" data-element_type="widget" data-widget_type="heading.default">
				<div class="elementor-widget-container">
					<h2 class="elementor-heading-title elementor-size-default">RODO</h2>				</div>
				</div>
				<div class="elementor-element elementor-element-912e7df elementor-widget__width-initial elementor-widget elementor-widget-text-editor" data-id="912e7df" data-element_type="widget" data-widget_type="text-editor.default">
				<div class="elementor-widget-container">
									KLAUZULA INFORMACYJNA								</div>
				</div>
				<div class="elementor-element elementor-element-8d69e67 elementor-widget__width-initial elementor-widget elementor-widget-text-editor" data-id="8d69e67" data-element_type="widget" data-widget_type="text-editor.default">
				<div class="elementor-widget-container">
									<p><span style="font-weight: 400;">dot. przetwarzania danych osobowych przez  RESTAURACJA CONCORDIA Sp. z o.o. z siedzibą przy ul. Zwierzynieckiej 3, 60-813 Poznań.</span></p><p><span style="font-weight: 400;"> </span></p><p><span style="font-weight: 400;">Zgodnie z art. 13 rozporządzenia Parlamentu Europejskiego i Rady (UE) 2016/679 z dnia  27 kwietnia 2016 roku w sprawie ochrony osób fizycznych w związku z przetwarzaniem danych osobowych</span><span style="font-weight: 400;"><br /></span><span style="font-weight: 400;">i w sprawie swobodnego przepływu takich danych oraz uchylenia dyrektywy 95/46/WE, zwanego RODO informujemy, że:</span></p><p><span style="font-weight: 400;"> </span></p><ol><li style="font-weight: 400;" aria-level="1"><span style="font-weight: 400;">Administratorem Państwa danych osobowych jest RESTAURACJA CONCORDIA Sp. z o.o.  z siedzibą przy ul. Zwierzynieckiej 3, 60-813 Poznań. Kontakt: Zwierzyniecka 3, 60-813 Poznań; e-mail: restauracja@concordiataste.pl  lub telefonicznie: +48 609 002 964.</span></li><li style="font-weight: 400;" aria-level="1"><span style="font-weight: 400;">Kontakt z inspektorem ochrony danych możliwy jest pod adresem do korespondencji: RESTAURACJA CONCORDIA Sp. z o.o.  z siedzibą przy ul. Zwierzynieckiej 3, 60-813 Poznań lub adresem e-mail: iod@concordiataste.pl.  </span></li><li style="font-weight: 400;" aria-level="1"><span style="font-weight: 400;">Państwa dane osobowe przetwarzane są na podstawie RODO, a w szczególności:</span></li><li style="font-weight: 400;" aria-level="1"><span style="font-weight: 400;">6 ust. 1 lit. a RODO – osoba, której dane dotyczą wyraziła dobrowolną zgodę na przetwarzanie swoich danych osobowych w jednym lub większej liczbie określonych celów;</span></li><li style="font-weight: 400;" aria-level="1"><span style="font-weight: 400;">6 ust. 1 lit. b RODO – przetwarzanie jest niezbędne do wykonania umowy, której stroną jest osoba, której dane dotyczą, lub do podjęcia działań na żądanie osoby, której dane dotyczą, przed zawarciem umowy;</span></li><li style="font-weight: 400;" aria-level="1"><span style="font-weight: 400;">6 ust. 1 lit. c RODO – przetwarzanie jest niezbędne do wypełnienia obowiązku prawnego ciążącego na administratorze;</span></li><li style="font-weight: 400;" aria-level="1"><span style="font-weight: 400;">6 ust. 1 lit. d RODO – przetwarzanie jest niezbędne do ochrony żywotnych interesów osoby, której dane dotyczą, lub innej osoby fizycznej;</span></li><li style="font-weight: 400;" aria-level="1"><span style="font-weight: 400;">6 ust. 1 lit. f RODO – przetwarzanie jest niezbędne do celów wynikających z prawnie uzasadnionych interesów realizowanych przez administratora lub przez stronę trzecią.</span></li><li style="font-weight: 400;" aria-level="1"><span style="font-weight: 400;">Jeżeli udzieliliście Państwo stosownych zgód dotyczących działań marketingowych</span><span style="font-weight: 400;"><br /></span><span style="font-weight: 400;">i sprzedażowych określonymi kanałami komunikacji, to Państwa dane osobowe będziemy przetwarzać w celu prowadzenia marketingu bezpośredniego naszych produktów i usług. Realizując powyższy cel podstawą przetwarzania Państwa danych osobowych będzie art. 6 ust. 1 lit. f RODO czyli prawnie uzasadniony interes polegający na prowadzeniu działań marketingowych i sprzedażowych w związku z wyrażonymi przez Państwa zgodami dotyczącymi otrzymywania treści marketingowych określonymi kanałami komunikacji. Jeżeli wyraziliście Państwo zgodę</span><span style="font-weight: 400;"><br /></span><span style="font-weight: 400;">na wykorzystywanie danych osobowych do realizacji działań marketingowych to Państwa dane przetwarzane będą na podstawie art. 6 ust. 1 lit. a RODO.</span></li><li style="font-weight: 400;" aria-level="1"><span style="font-weight: 400;">Podanie przez Państwa danych osobowych jest dobrowolne, jednak konieczne do realizacji celów,</span><span style="font-weight: 400;"><br /></span><span style="font-weight: 400;">do których zostały zebrane. Niepodanie tych danych może skutkować niemożnością realizacji tych celów.</span></li><li style="font-weight: 400;" aria-level="1"><span style="font-weight: 400;">Nieodłącznym elementem realizowania wyżej wskazanych celów jest utrzymanie kontaktu</span><span style="font-weight: 400;"><br /></span><span style="font-weight: 400;">z Państwem za pomocą różnych kanałów komunikacji, tj. poczta tradycyjna, poczta elektroniczna, telefon kontaktowy.</span></li><li style="font-weight: 400;" aria-level="1"><span style="font-weight: 400;">Państwa dane osobowe mogą być udostępniane odpowiednim odbiorcom, w szczególności instytucjom uprawnionym do kontroli działalności administratora lub podmiotom uprawnionym do uzyskania danych osobowych na podstawie odrębnych przepisów prawa.</span></li><li style="font-weight: 400;" aria-level="1"><span style="font-weight: 400;">Odbiorcami Państwa danych osobowych będą także m.in. dostawcy usług zaopatrujących Administratora w rozwiązania techniczne oraz zarządzanie organizacją, podmioty świadczący usługi prawne i doradcze oraz podmioty udzielające pomocy Administratorowi w dochodzeniu należnych roszczeń.</span></li><li style="font-weight: 400;" aria-level="1"><span style="font-weight: 400;">Posiadają Państwo prawo do:</span></li><li style="font-weight: 400;" aria-level="1"><span style="font-weight: 400;">sprostowania swoich nieprawidłowych danych;</span></li><li style="font-weight: 400;" aria-level="1"><span style="font-weight: 400;">żądania usunięcia danych (prawo do bycia zapomnianym) w przypadku wystąpienia okoliczności przewidzianych w art. 17 RODO;</span></li><li style="font-weight: 400;" aria-level="1"><span style="font-weight: 400;">żądania ograniczenia przetwarzania danych w przypadkach wskazanych w art. 18 RODO;</span></li><li style="font-weight: 400;" aria-level="1"><span style="font-weight: 400;">wniesienia sprzeciwu wobec przetwarzania danych w przypadkach wskazanych w art. 21 RODO.</span></li><li style="font-weight: 400;" aria-level="1"><span style="font-weight: 400;">W odniesieniu do Państwa danych osobowych decyzje nie będą podejmowane w sposób zautomatyzowany, stosownie do art. 22 RODO.</span></li><li style="font-weight: 400;" aria-level="1"><span style="font-weight: 400;">Dane osobowe należące do Państwa nie podlegają profilowaniu ani nie będą przekazywane</span><span style="font-weight: 400;"><br /></span><span style="font-weight: 400;">do państw znajdujących się poza Europejskim Obszarem Gospodarczym.</span></li><li style="font-weight: 400;" aria-level="1"><span style="font-weight: 400;">Państwa dane osobowe będą przetwarzane i przechowywane przez okres 2 lat od momentu udzielenia zgody na ich przetwarzanie w związku ze złożonym przez Państwa zapytaniem</span><span style="font-weight: 400;"><br /></span><span style="font-weight: 400;">na temat oferowanych usług. W przypadku zawarcia umowy Państwa dane będą przetwarzane przez cały okres realizacji umowy oraz czas niezbędny do jej rozliczenia. Okres ten wynosi 5 lat. Przepisy powszechnie obowiązującego prawa mogą wydłużyć ten okres. Po upływie wyżej wymienionego okresu dane osobowe podlegają usunięciu lub anonimizacji.</span></li><li style="font-weight: 400;" aria-level="1"><span style="font-weight: 400;">Państwa dane przetwarzane w związku z realizacją celów marketingowych na podstawie udzielonej przez Państwa zgody będą przechowywane przez okres 5 lat lub do czasu zgłoszenia sprzeciwu względem tego celu przetwarzania, do czasu cofnięcia wyrażenia zgody lub</span><span style="font-weight: 400;"><br /></span><span style="font-weight: 400;">do momentu złożenia żądania usunięcia danych.</span></li><li style="font-weight: 400;" aria-level="1"><span style="font-weight: 400;">Jeżeli Państwo uważają, że podane dane osobowe są przetwarzane niezgodnie z prawem, możecie Państwo skorzystać z prawa złożenia skargi do organu nadzorczego (Urząd Ochrony Danych Osobowych, ul. Stawki 2, 00-193 Warszawa).</span></li></ol>								</div>
				</div>
					</div>
				</div>
				</div>

<p>RODO KLAUZULA INFORMACYJNA dot. przetwarzania danych osobowych przez  RESTAURACJA CONCORDIA Sp. z o.o. z siedzibą przy ul. Zwierzynieckiej 3, 60-813 Poznań.   Zgodnie z art. 13 rozporządzenia Parlamentu Europejskiego i Rady (UE) 2016/679 z dnia  27 kwietnia 2016 roku w sprawie ochrony osób fizycznych w związku z przetwarzaniem danych osobowychi w sprawie swobodnego przepływu takich [&hellip;]</p>
